 160?
True
Is 27 a factor of 1728?
True
Is 13361 a multiple of 168?
False
Is 3090 a multiple of 15?
True
Is 98 a factor of 3430?
True
Is 3569 a multiple of 83?
True
Does 7 divide 686?
True
Does 5 divide 35?
True
Is 4717 a multiple of 53?
True
Is 66 a factor of 1402?
False
Is 1410 a multiple of 10?
True
Does 54 divide 3719?
False
Is 510 a multiple of 5?
True
Is 39 a factor of 55385?
False
Is 1704 a multiple of 14?
False
Is 833 a multiple of 6?
False
Is 16 a factor of 40112?
True
Is 36636 a multiple of 71?
True
Is 120 a multiple of 3?
True
Is 8 a factor of 1512?
True
Does 66 divide 1518?
True
Is 6 a factor of 396?
True
Does 106 divide 4240?
True
Is 3434 a multiple of 101?
True
Is 148 a multiple of 18?
False
Is 1530 a multiple of 18?
True
Is 33 a factor of 109857?
True
Is 45 a multiple of 10?
False
Is 1616 a multiple of 115?
False
Is 2014 a multiple of 51?
False
Is 25 a factor of 11575?
True
Is 7 a factor of 1701?
True
Is 49 a factor of 833?
True
Is 886 a multiple of 21?
False
Is 64 a factor of 780?
False
Does 38 divide 5282?
True
Does 14 divide 188?
False
Is 20 a factor of 28160?
True
Is 7171 a multiple of 45?
False
Is 5355 a multiple of 63?
True
Is 2016 a multiple of 21?
True
Is 71 a factor of 16607?
False
Does 45 divide 2610?
True
Is 21 a factor of 126?
True
Does 22 divide 344?
False
Does 20 divide 3260?
True
Is 39090 a multiple of 119?
False
Does 55 divide 2750?
True
Does 2 divide 452?
True
Is 2145 a multiple of 33?
True
Does 82 divide 5015?
False
Is 213 a factor of 25134?
True
Is 4872 a multiple of 29?
True
Is 145 a multiple of 7?
False
Is 1666 a multiple of 6?
False
Is 19 a factor of 3971?
True
Is 58116 a multiple of 47?
False
Is 473 a multiple of 7?
False
Does 32 divide 77655?
False
Is 8 a factor of 8681?
False
Does 12 divide 3122?
False
Is 8614 a multiple of 146?
True
Is 31095 a multiple of 24?
False
Is 5 a factor of 139?
False
Is 68135 a multiple of 125?
False
Is 4652 a multiple of 54?
False
Does 111 divide 17687?
False
Is 19 a factor of 57?
True
Does 24 divide 1416?
True
Is 100 a factor of 97500?
True
Does 4 divide 5917?
False
Is 2253 a multiple of 33?
False
Does 14 divide 2982?
True
Is 15 a factor of 960?
True
Is 46989 a multiple of 9?
True
Is 192 a multiple of 6?
True
Is 139 a multiple of 5?
False
Does 17 divide 3364?
False
Does 25 divide 750?
True
Is 3335 a multiple of 29?
True
Does 12 divide 426?
False
Is 29 a factor of 522?
True
Is 4 a factor of 452?
True
Is 82172 a multiple of 6?
False
Is 5 a factor of 19?
False
Is 37 a factor of 222?
True
Is 826 a multiple of 59?
True
Is 15 a factor of 480?
True
Is 3220 a multiple of 20?
True
Is 1760 a multiple of 36?
False
Does 40 divide 18120?
True
Is 176 a multiple of 23?
False
Does 41 divide 13081?
False
Does 56 divide 4312?
True
Is 1840 a multiple of 27?
False
Is 28282 a multiple of 327?
False
Does 33 divide 17238?
False
Is 8718 a multiple of 188?
False
Does 79 divide 47120?
False
Does 37 divide 3811?
True
Is 14 a factor of 810?
False
Is 736 a multiple of 2?
True
Is 764 a multiple of 5?
False
Is 1400 a multiple of 56?
True
Is 35840 a multiple of 32?
True
Is 180 a factor of 1080?
True
Is 88 a factor of 8550?
False
Does 286 divide 63206?
True
Is 13 a factor of 62954?
False
Is 102 a factor of 6120?
True
Is 93 a factor of 2454?
False
Is 5 a factor of 115?
True
Does 24 divide 28823?
False
Does 14 divide 154?
True
Is 1745 a multiple of 22?
False
Does 79 divide 4449?
False
Does 15 divide 4638?
False
Is 32 a factor of 1952?
True
Is 7597 a multiple of 13?
False
Does 3 divide 21031?
False
Does 110 divide 140829?
False
Does 127 divide 18415?
True
Is 53 a factor of 149?
False
Does 25 divide 9675?
True
Is 12240 a multiple of 34?
True
Is 1134 a multiple of 189?
True
Does 8 divide 6031?
False
Is 43 a factor of 34898?
False
Does 19 divide 172?
False
Does 13 divide 1956?
False
Is 420 a multiple of 20?
True
Does 39 divide 1092?
True
Is 73 a factor of 44895?
True
Is 26849 a multiple of 66?
False
Does 201 divide 107092?
False
Does 63 divide 1323?
True
Is 267 a factor of 13350?
True
Is 67 a factor of 4891?
True
Does 18 divide 1236?
False
Does 110 divide 17021?
False
Is 42747 a multiple of 29?
False
Does 9 divide 1341?
True
Is 10 a factor of 837?
False
Does 6 divide 17245?
False
Is 741 a multiple of 14?
False
Is 15 a factor of 431?
False
Is 17 a factor of 13328?
True
Is 13 a factor of 364?
True
Does 103 divide 515?
True
Does 4 divide 430?
False
Is 6000 a multiple of 100?
True
Is 39215 a multiple of 31?
True
Does 22 divide 22418?
True
Is 42 a factor of 169?
False
Is 14578 a multiple of 22?
False
Is 31960 a multiple of 40?
True
Does 14 divide 536?
False
Is 1347 a multiple of 70?
False
Is 84 a multiple of 5?
False
Is 2928 a multiple of 24?
True
Does 40 divide 18680?
True
Is 29976 a multiple of 24?
True
Is 77 a factor of 14861?
True
Is 11 a factor of 3010?
False
Is 1200 a multiple of 135?
False
Does 46 divide 9797?
False
Does 37 divide 28342?
True
Does 44 divide 16588?
True
Is 17 a factor of 3009?
True
Is 24 a factor of 2808?
True
Does 72 divide 2605?
False
Is 86710 a multiple of 46?
True
Is 29 a factor of 6167?
False
Is 919 a multiple of 8?
False
Is 29 a factor of 137539?
False
Is 247 a multiple of 27?
False
Does 18 divide 7503?
False
Is 14 a factor of 4116?
True
Is 12 a factor of 18253?
False
Is 34 a factor of 26130?
False
Is 13 a factor of 7293?
True
Does 12 divide 4080?
True
Does 22 divide 15361?
False
Is 16 a factor of 6127?
False
Is 12909 a multiple of 41?
False
Is 11 a factor of 6233?
False
Is 74 a factor of 13320?
True
Is 14 a factor of 51154?
False
Is 31263 a multiple of 17?
True
Is 26 a factor of 8242?
True
Does 14 divide 5040?
True
Does 6 divide 366?
True
Is 40 a multiple of 35?
False
Does 7 divide 1162?
True
Is 42837 a multiple of 157?
False
Does 3 divide 128?
False
Does 22 divide 257?
False
Does 39 divide 1567?
False
Does 9 divide 6040?
False
Is 804 a multiple of 3?
True
Is 21 a factor of 4978?
False
Is 51 a factor of 1887?
True
Does 37 divide 2946?
False
Is 348 even?
True
Is 5 a factor of 45?
True
Is 3 a factor of 903?
True
Does 6 divide 41793?
False
Is 466 a multiple of 63?
False
Is 48 a factor of 4576?
False
Does 14 divide 4425?
False
Is 17 a factor of 481?
False
Is 2 a factor of 1369?
False
Does 15 divide 808?
False
Is 5017 a multiple of 46?
False
Is 2730 a multiple of 13?
True
Does 19 divide 817?
True
Is 63 a factor of 3591?
True
Is 5 a factor of 45?
True
Is 4 a factor of 25492?
True
Is 10 a factor of 16342?
False
Does 167 divide 24215?
True
Is 34 a factor of 2550?
True
Is 5876 a multiple of 52?
True
Is 12 a factor of 35004?
True
Is 80 a multiple of 5?
True
Is 30051 a multiple of 3?
True
Is 10080 a multiple of 120?
True
Is 8 a factor of 1889?
False
Does 19 divide 981?
False
Is 118 a factor of 72129?
False
Is 21 a factor of 315?
True
Is 12 a factor of 1140?
True
Does 4 divide 8875?
False
Is 490 a multiple of 70?
True
Is 1647 a multiple of 27?
True
Is 4 a factor of 171?
False
Is 1332 a multiple of 62?
False
Does 22 divide 286?
True
Is 2769 a multiple of 40?
False
Is 4362 a multiple of 2?
True
Is 320 a multiple of 32?
True
Does 15 divide 2809?
False
Is 36261 a multiple of 27?
True
Is 44 a multiple of 17?
False
Does 35 divide 57924?
False
Is 9 a factor of 486?
True
Is 170 a multiple of 17?
True
Is 6 a multiple of 3?
True
Is 10 a factor of 45?
False
Does 4 divide 519?
False
Is 18 a factor of 1140?
False
Is 760 a multiple of 5?
True
Does 66 divide 7854?
True
Is 15968 a multiple of 32?
True
Is 1437 a multiple of 7?
False
Does 29 divide 4164?
False
Is 900 a multiple of 4?
True
Is 101 a factor of 46044?
False
Is 51 a factor of 2601?
True
Is 6845 a multiple of 37?
True
Does 7 divide 2576?
True
Does 181 divide 32218?
True
Is 3704 a multiple of 35?
False
Is 89 a factor of 178?
True
Is 8791 a multiple of 98?
False
Is 390 a multiple of 6?
True
Is 14 a factor of 9605?
False
Does 101 divide 3756?
False
Is 82982 a multiple of 12?
False
Does 7 divide 5427?
False
Is 808 a multiple of 28?
False
Does 109 divide 16241?
True
Does 16 divide 31312?
True
Is 2812 a multiple of 11?
False
Does 11 divide 1390?
False
Is 79 a factor of 677?
False
Does 43 divide 14104?
True
Is 19 a factor of 2955?
False
Is 122 a factor of 1342?
True
Does 171 divide 1238?
False
Is 740 a multiple of 74?
True
Does 96 divide 1344?
True
Is 11363 a 